{"id":9000,"date":"2022-11-08T14:58:14","date_gmt":"2022-11-08T12:58:14","guid":{"rendered":"http:\/\/seicom.ee\/epood\/?page_id=9000"},"modified":"2024-01-12T12:34:25","modified_gmt":"2024-01-12T10:34:25","slug":"puitalumiinium-aknad","status":"publish","type":"page","link":"https:\/\/seicom.ee\/epood\/puitalumiinium-aknad\/","title":{"rendered":"Puitalumiinium"},"content":{"rendered":"<p>Puitalumiinium aknad saad meie e-poest tellida kiirelt ning mugavalt kodust lahkumata.<\/p><p>SeiCom on aknaid ja uksi tootnud \u00fcle 20 aasta. Pikaajalise kogemuse tulemusel on SeiComist saanud ainus Eesti ettev\u00f5te, kes pakub nii PVC, puit, puitalumiinium kui ka alumiinium uksi, aknaid ja fasaadilahendusi. Pakume oma klientidele p\u00f5hjamaist kvaliteeti, kiiret tarnet ja pikaajalist kogemust akende ning uste tootmisel. <\/p><p>K\u00f5igi SeiComi toodetega saad <a href=\"https:\/\/www.seicom.ee\/arikliendile\/pvc\/\">tutvuda siin<\/a>.<\/p><p>Kuidas valida endale sobivaim akna ja ukse lahendus saad <a href=\"http:\/\/seicom.ee\/epood\/kuidas-valida-sobiv-aken-voi-uks\/\">lugeda siit.<\/a><\/p><figure class=\"wp-block-image size-large\"><img loading=\"lazy\" decoding=\"async\" width=\"683\" height=\"1024\" src=\"http:\/\/seicom.ee\/epood\/wp-content\/uploads\/2020\/12\/seicom_ee_fotograaf_kinnisvara_2020_marko_randoja_com-38-683x1024.jpg\" alt=\"puitalumiinium\" class=\"wp-image-6446\" srcset=\"https:\/\/seicom.ee\/epood\/wp-content\/uploads\/2020\/12\/seicom_ee_fotograaf_kinnisvara_2020_marko_randoja_com-38-683x1024.jpg 683w, https:\/\/seicom.ee\/epood\/wp-content\/uploads\/2020\/12\/seicom_ee_fotograaf_kinnisvara_2020_marko_randoja_com-38-200x300.jpg 200w, https:\/\/seicom.ee\/epood\/wp-content\/uploads\/2020\/12\/seicom_ee_fotograaf_kinnisvara_2020_marko_randoja_com-38-768x1152.jpg 768w, https:\/\/seicom.ee\/epood\/wp-content\/uploads\/2020\/12\/seicom_ee_fotograaf_kinnisvara_2020_marko_randoja_com-38-333x500.jpg 333w, https:\/\/seicom.ee\/epood\/wp-content\/uploads\/2020\/12\/seicom_ee_fotograaf_kinnisvara_2020_marko_randoja_com-38-600x900.jpg 600w, https:\/\/seicom.ee\/epood\/wp-content\/uploads\/2020\/12\/seicom_ee_fotograaf_kinnisvara_2020_marko_randoja_com-38.jpg 820w\" sizes=\"(max-width: 683px) 100vw, 683px\" \/><\/figure>","protected":false},"excerpt":{"rendered":"<p>Puitalumiinium aknad saad meie e-poest tellida kiirelt ning mugavalt kodust lahkumata. SeiCom on aknaid ja uksi tootnud \u00fcle 20 aasta. Pikaajalise kogemuse tulemusel on SeiComist saanud ainus Eesti ettev\u00f5te, kes pakub nii PVC, puit, puitalumiinium kui ka alumiinium uksi, aknaid ja fasaadilahendusi. Pakume oma klientidele p\u00f5hjamaist kvaliteeti, kiiret tarnet ja pikaajalist kogemust akende ning uste [&hellip;]<\/p>\n","protected":false},"author":2382,"featured_media":0,"parent":0,"menu_order":0,"comment_status":"closed","ping_status":"closed","template":"page-puitalumiinium.php","meta":{"_acf_changed":false,"om_disable_all_campaigns":false,"_exactmetrics_skip_tracking":false,"_exactmetrics_sitenote_active":false,"_exactmetrics_sitenote_note":"","_exactmetrics_sitenote_category":0,"_monsterinsights_skip_tracking":false,"_monsterinsights_sitenote_active":false,"_monsterinsights_sitenote_note":"","_monsterinsights_sitenote_category":0,"_uf_show_specific_survey":0,"_uf_disable_surveys":false,"footnotes":""},"acf":[],"aioseo_notices":[],"_links":{"self":[{"href":"https:\/\/seicom.ee\/epood\/wp-json\/wp\/v2\/pages\/9000"}],"collection":[{"href":"https:\/\/seicom.ee\/epood\/wp-json\/wp\/v2\/pages"}],"about":[{"href":"https:\/\/seicom.ee\/epood\/wp-json\/wp\/v2\/types\/page"}],"author":[{"embeddable":true,"href":"https:\/\/seicom.ee\/epood\/wp-json\/wp\/v2\/users\/2382"}],"replies":[{"embeddable":true,"href":"https:\/\/seicom.ee\/epood\/wp-json\/wp\/v2\/comments?post=9000"}],"version-history":[{"count":4,"href":"https:\/\/seicom.ee\/epood\/wp-json\/wp\/v2\/pages\/9000\/revisions"}],"predecessor-version":[{"id":10508,"href":"https:\/\/seicom.ee\/epood\/wp-json\/wp\/v2\/pages\/9000\/revisions\/10508"}],"wp:attachment":[{"href":"https:\/\/seicom.ee\/epood\/wp-json\/wp\/v2\/media?parent=9000"}],"curies":[{"name":"wp","href":"https:\/\/api.w.org\/{rel}","templated":true}]}}