{"id":7775,"date":"2021-12-02T13:53:00","date_gmt":"2021-12-02T11:53:00","guid":{"rendered":"http:\/\/seicom.ee\/epood\/?page_id=7775"},"modified":"2023-03-07T10:06:11","modified_gmt":"2023-03-07T08:06:11","slug":"kontakt","status":"publish","type":"page","link":"https:\/\/seicom.ee\/epood\/kontakt\/","title":{"rendered":"Kontakt"},"content":{"rendered":"<h1><strong>Teenindus m\u00fc\u00fcgisaalis:<\/strong><\/h1>\n<p>E-N kell 09.00-17.00<\/p>\n<p>R kell 09.00-16.00<\/p>\n<p><strong>K\u00fclastamine eelneval kokkuleppel!<br \/>\n<\/strong><strong>Aadress: <\/strong>Karjam\u00f5isa tee 3, \u00c4ksi alevik, Tartu vald, Tartumaa, 60543<\/p>\n<p>E-post: <a href=\"mailto:epood@seicom.ee\">epood@seicom.ee<\/a><\/p>\n<p>Tel: (+372) 5836 7700<\/p>\n<p><strong>SeiCom O\u00dc<\/strong> \u00fcldkontaktid <strong><a href=\"https:\/\/www.seicom.ee\/kontaktid\/\">SIIN<\/a><\/strong>.<\/p>\n<h1><strong>Kauba v\u00e4ljastamine <\/strong><strong>\/ laadimine:<\/strong><\/h1>\n<p>T\u00f6\u00f6p\u00e4evadel kell 09.00-16.00<\/p>\n<p>Info telefonil (+372) 521 2957<\/p>\n<p>Kauba laadimine laost. Lattu p\u00e4\u00e4seb v\u00e4ravast nr 3 (vaata allolevat skeemi):<\/p>\n<p><a href=\"http:\/\/seicom.ee\/epood\/wp-content\/uploads\/2022\/09\/Seicom_platsijoonis_2x2m_loplik-01.png\"><img loading=\"lazy\" decoding=\"async\" class=\"size-full wp-image-8577 alignleft\" src=\"http:\/\/seicom.ee\/epood\/wp-content\/uploads\/2022\/09\/Seicom_platsijoonis_2x2m_loplik-01.png\" alt=\"\" width=\"649\" height=\"591\" srcset=\"https:\/\/seicom.ee\/epood\/wp-content\/uploads\/2022\/09\/Seicom_platsijoonis_2x2m_loplik-01.png 649w, https:\/\/seicom.ee\/epood\/wp-content\/uploads\/2022\/09\/Seicom_platsijoonis_2x2m_loplik-01-300x273.png 300w, https:\/\/seicom.ee\/epood\/wp-content\/uploads\/2022\/09\/Seicom_platsijoonis_2x2m_loplik-01-549x500.png 549w, https:\/\/seicom.ee\/epood\/wp-content\/uploads\/2022\/09\/Seicom_platsijoonis_2x2m_loplik-01-600x546.png 600w\" sizes=\"(max-width: 649px) 100vw, 649px\" \/><\/a><\/p>\n","protected":false},"excerpt":{"rendered":"<p>Teenindus m\u00fc\u00fcgisaalis: E-N kell 09.00-17.00 R kell 09.00-16.00 K\u00fclastamine eelneval kokkuleppel! Aadress: Karjam\u00f5isa tee 3, \u00c4ksi alevik, Tartu vald, Tartumaa, 60543 E-post: epood@seicom.ee Tel: (+372) 5836 7700 SeiCom O\u00dc \u00fcldkontaktid SIIN. Kauba v\u00e4ljastamine \/ laadimine: T\u00f6\u00f6p\u00e4evadel kell 09.00-16.00 Info telefonil (+372) 521 2957 Kauba laadimine laost. Lattu p\u00e4\u00e4seb v\u00e4ravast nr 3 (vaata allolevat skeemi):<\/p>\n","protected":false},"author":1,"featured_media":7781,"parent":0,"menu_order":0,"comment_status":"closed","ping_status":"closed","template":"","meta":{"_acf_changed":false,"om_disable_all_campaigns":false,"_exactmetrics_skip_tracking":false,"_exactmetrics_sitenote_active":false,"_exactmetrics_sitenote_note":"","_exactmetrics_sitenote_category":0,"_monsterinsights_skip_tracking":false,"_monsterinsights_sitenote_active":false,"_monsterinsights_sitenote_note":"","_monsterinsights_sitenote_category":0,"_uf_show_specific_survey":0,"_uf_disable_surveys":false,"footnotes":""},"acf":[],"aioseo_notices":[],"_links":{"self":[{"href":"https:\/\/seicom.ee\/epood\/wp-json\/wp\/v2\/pages\/7775"}],"collection":[{"href":"https:\/\/seicom.ee\/epood\/wp-json\/wp\/v2\/pages"}],"about":[{"href":"https:\/\/seicom.ee\/epood\/wp-json\/wp\/v2\/types\/page"}],"author":[{"embeddable":true,"href":"https:\/\/seicom.ee\/epood\/wp-json\/wp\/v2\/users\/1"}],"replies":[{"embeddable":true,"href":"https:\/\/seicom.ee\/epood\/wp-json\/wp\/v2\/comments?post=7775"}],"version-history":[{"count":5,"href":"https:\/\/seicom.ee\/epood\/wp-json\/wp\/v2\/pages\/7775\/revisions"}],"predecessor-version":[{"id":10056,"href":"https:\/\/seicom.ee\/epood\/wp-json\/wp\/v2\/pages\/7775\/revisions\/10056"}],"wp:featuredmedia":[{"embeddable":true,"href":"https:\/\/seicom.ee\/epood\/wp-json\/wp\/v2\/media\/7781"}],"wp:attachment":[{"href":"https:\/\/seicom.ee\/epood\/wp-json\/wp\/v2\/media?parent=7775"}],"curies":[{"name":"wp","href":"https:\/\/api.w.org\/{rel}","templated":true}]}}