{"id":1645,"date":"2017-02-27T10:51:27","date_gmt":"2017-02-27T08:51:27","guid":{"rendered":"http:\/\/seicom.ee\/epood\/?page_id=1645"},"modified":"2023-05-16T11:18:51","modified_gmt":"2023-05-16T08:18:51","slug":"seicomi-muugitingimused","status":"publish","type":"page","link":"https:\/\/seicom.ee\/epood\/seicomi-muugitingimused\/","title":{"rendered":"M\u00fc\u00fcgitingimused"},"content":{"rendered":"<h4>Seicom veebipoe m\u00fc\u00fcgitingimused<\/h4>\n<p>1. M\u00fc\u00fcgitingimuste kehtivus<br \/>\n1.1 M\u00fc\u00fcgitingimused kehtivad SeiCom veebipoest ostja (edaspidi Tarbija) ja ettev\u00f5tja SeiCom O\u00dc\/veebipood SeiCom(edaspidi veebipood SeiCom) vahel kaupade ja teenuste ostmisel.<br \/>\n1.2 M\u00fc\u00fcgitingimused kehtivad veebipoe SeiCom ja eraisikust Tarbija \u00f5igussuhete reguleerimiseks.<br \/>\n1.3 Lisaks k\u00e4esolevatele tingimustele reguleerivad veebipoest SeiCom toodete ostmisel tekkivaid \u00f5igussuhteid Eesti Vabariigis kehtivad v\u00f5la\u00f5igusseadus (edaspidi V\u00d5S), tarbijakaitseseadus (edaspidi TKS) ja teised \u00f5igusaktid.<br \/>\n1.4 Veebipood SeiCom j\u00e4tab endale \u00f5iguse teha m\u00fc\u00fcgitingimustes muudatusi. Nimetatud muudatusi kajastatakse veebilehel Seicomaknad.ee<\/p>\n<p>2. Hinnainfo<br \/>\n2.1 Veebipoes kehtib 100% ettemakse. See on \u00fclimuslik, olenemata teistes dokumentides (n\u00e4iteks kinnituskiri, arve jms v\u00e4lja toodud t\u00fc\u00fcptingimustest, mis on m\u00f5eldud projektim\u00fc\u00fcgile).<br \/>\n2.2 K\u00f5ik veebipoes SeiCom toodud hinnad sisaldavad k\u00e4ibemaksu 20%.<br \/>\n2.3 K\u00f5ik veebipoes SeiCom toodud hinnad kehtivad ainult veebipoest ostes.<br \/>\n2.4 Veebipoe SeiCom toodete hinnad ei sisalda paigaldusteenust ega m\u00f5\u00f5tmisteenust. Soovi korral on v\u00f5imalik neid teenuseid tellida veebipoe SeiCom v\u00e4liselt erikokkuleppel meie klienditeenindusega.<br \/>\n2.5 Toodete hinnale lisandub transpordi hind, mis moodustub ostetud toodete suurusest ja Tarbija valitud sihtkohast olenevalt. Transpordihind on n\u00e4htav ja enne ostu sooritamist kontrollitav ostukorvis. Muud tarnetingimused erikokkuleppel meie klienditeenindusega.<br \/>\n2.6 Hinnad kehtivad tellimuse vormistamisest kuni vormistatud tellimuse makset\u00e4htaja aegumiseni (7 p\u00e4eva p\u00e4rast tellimuse vormistamist).<br \/>\n2.7 Kui tellimus on esitatud enne m\u00fc\u00fcgitingimuste v\u00f5i hindade muutmist, kohaldatakse Tarbija ja veebipood SeiCom vahel tekkinud \u00f5igussuhetele tellimuse vormistamise ajal kehtinud tingimusi.<br \/>\n2.8 Veebipood SeiCom j\u00e4tab endale \u00f5iguse teha m\u00fc\u00fcgihindades muudatusi. Nimetatud muudatusi kajastatakse veebilehel Seicomaknad.ee<\/p>\n<p>3. Tellimuse vormistamine<br \/>\n3.1 Lisage soovitud tooted ostukorvi.<br \/>\n3.2 Tellimuse vormistamiseks vajutage k\u00f5igepealt ostukorvis lingile \u201eVormista tellimus\u201c.<br \/>\n3.3 J\u00e4rgnevalt tehke valik, kas soovite tellimuse sooritada \u00fchekordselt \u201ek\u00fclalisena\u201c v\u00f5i p\u00fcsikliendina (seljuhul vajalik sisse logimine v\u00f5i p\u00fcsikliendiks registreerumine).<br \/>\n3.4 Tellimuse vormistamise lehel t\u00e4itke n\u00f5utud andmev\u00e4ljad, valige teile sobiv toodete kohaletoimetamise viis ja sobiv tasumisviis ning seej\u00e4rel kuvatakse ekraanile tellimuse kinnitus, mille alusel saate tasuda vastavalt eelnevalt tehtud tasumisviisi valikule vajutades lingile \u201eEsita tellimus\u201c. Enne tellimuse esitamist saate tutvuda veebipoe SeiCom m\u00fc\u00fcgitingimustega ja kinnitada seda eraldi valikus linnukesega. Ekraanile kuvatud tellimuse kinnituses leiate k\u00f5ik andmed euromakse sooritamiseks koos k\u00f5igi kehtivate riiklike maksudega ja lisanduvate tasudega.<br \/>\n3.5 T\u00e4itke andmete ja tellimuse kinnituse lehek\u00fcljel olevad lahtrid t\u00e4helepanelikult, sest esitatud informatsiooni t\u00e4psusest ja \u00f5igsusest s\u00f5ltub Teie ostetud toodete kiire ja t\u00f5rgeteta kohaletoimetamine ning vajadusel hilisem vaidluste ja pretensioonide lahendamine.<br \/>\n3.6 SeiCom veebipoe ostja ehk Tarbija on ainuisikuliselt ning t\u00e4ielikult vastutav veebipoes SeiCom sisestatud andmete ning tehtavate toimingute eest.<br \/>\n3.7 Veebipoes SeiCom sooritatud tellimusi k\u00e4sitletakse t\u00f6\u00f6p\u00e4evadel (E-R 9.00-17.00). Kui tellimus esitatakse reedel p\u00e4rast kella 14.00, vormistatakse tellimus j\u00e4rgneval esmasp\u00e4eval. Kehtib ka \u201etulen ise j\u00e4rgi\u201c tarnevaliku puhul.<\/p>\n<p>4. M\u00fc\u00fcgilepingu j\u00f5ustumine<br \/>\n4.1 Kauba m\u00fc\u00fcgilepinguga kohustub veebipood SeiCom andma Tarbijale \u00fcle olemasoleva, valmistatava v\u00f5i veebipood SeiCom poolt tulevikus omandatava Kauba ning tegema v\u00f5imalikuks omandi \u00fclemineku Tarbijale, Tarbija aga kohustub veebipoele SeiCom tasuma kauba eest esitatud arvel n\u00e4idatud summa ja v\u00f5tma Kauba vastu.<br \/>\n4.2 Tellimused, mille eest ei ole tasutud, annulleeritakse 7 p\u00e4eva m\u00f6\u00f6dudes alates tellimuse vormistamisest.<br \/>\n4.3 M\u00fc\u00fcgileping j\u00f5ustub p\u00e4rast Tarbija tehtud makse laekumist SeiCom veebipoe pangakontole.<\/p>\n<p>5. Kohaletoimetamine<br \/>\n5.1 P\u00e4rast m\u00fc\u00fcgilepingu j\u00f5ustumist komplekteerib veebipood SeiCom tellimuse ning annab selle kohaletoimetamiseks \u00fcle ettev\u00f5tte logistikapartneritele (v.a.juhul, kui on tegu tarnetingimusega \u201eTulen ise j\u00e4rgi\u201c).<br \/>\n5.2 Veebipood SeiCom lehel n\u00e4idatud kohaletoimetamise t\u00e4htajad kehtivad tellimuse summa laekumise hetkest Veebipood SeiCom pangakontole.<br \/>\n5.3\u00a0Veebipoest SeiCom tellitud toodetele paigaldusteenuse juurde tellimisel veebipoe SeiCom poolt kinnitatud tellimuse t\u00e4htaeg ei kehti, uus t\u00e4htaeg t\u00e4psustatakse koos paigaldusteenuse pakkumisega.<br \/>\n5.4 Viivitusteta kohaletoimetamiseks tuleb olla hoolas ning tellimuse vormistamisel esitada kohaletoimetamise andmete sisestamisel t\u00f5ele vastavad ning kehtivad andmed.<br \/>\n5.5 Veebipoest SeiCom ostetud toodetele on v\u00f5imalik tellida transportteenust ainult Eesti piires.<br \/>\n5.6 Veebipood SeiCom ei vastuta kauba kohaletoimetamise viibimise eest juhul, kui kaup on logistikapartneritele \u00fcle antud \u00f5igel ajal, kuid kohaletoimetamise viibimine on tingitud asjaoludest, mida veebipood SeiCom ei saanud m\u00f5jutada, ega ette n\u00e4ha.<\/p>\n<p>6. Tagastamis\u00f5igus<br \/>\n6.1 P\u00e4rast tellimuse k\u00e4ttesaamist on Tarbijal \u00f5igus e-poes s\u00f5lmitud lepingust taganeda p\u00f5hjust avaldamata 14 p\u00e4eva jooksul. Ostetud kaup ei kuulu tagastamisele, kui kaup on spetsiaalselt kliendile eritellimuse alusel valmistatud v\u00f5i ostetud. Tagastatav kaup peab olema originaalpakendis ja ei tohi olla kasutatud.<br \/>\n6.2 Kauba tagastamiseks tuleb esitada Kauba ostust taganemise avaldus, mille t\u00fc\u00fcpvormi leiate veebipood SeiCom sisulehelt &#8220;Kauba tagastamine&#8221;. Taganemisavalduse v\u00f5ib saata vabas vormis epostiaadressile <a href=\"mailto:epood@seicom.ee\"><strong>epood@seicom.ee<\/strong><\/a> v\u00f5i printida t\u00fc\u00fcpvorm ning lisada tagastatavale kaubale hiljemalt 14 p\u00e4eva jooksul arvates kauba k\u00e4ttesaamisest.<br \/>\n6.3 Tarbija peab kauba tagastama avalduse esitamisele j\u00e4rgneva 14 p\u00e4eva jooksul v\u00f5i esitama t\u00f5endi, et ta on eelnimetatud perioodi jooksul kauba \u00fcle andnud logistikafirmale.<br \/>\n6.4 Klient ei pea kaupa tagastama logistikafirma vahendusel, kui veebipood Seicom on n\u00f5ustunud kaubale ise j\u00e4rele tulema.<br \/>\n6.5 Kliendile tagastatakse tema poolt tasutud tellimuse summa, sealhulgas k\u00e4ttetoimetamiskulu, esimesel v\u00f5imalusel, kuid mitte hiljem kui 14 p\u00e4eva m\u00f6\u00f6dumisel kauba ostust taganemise avalduse esitamisest. Juhul, kui tellimus tagastatakse osaliselt, tagastatakse k\u00e4ttetoimetamiskulu proportsionaalselt tagastatud toodete arvuga.<br \/>\n6.6 Kauba tagastamise kulud kannab Tarbija, v\u00e4lja arvatud juhul, kui \u00fcleantud asi ei vasta tellitule.<br \/>\n6.7 Kliendi poolt tasutud tellimuse summat ei tagastata ennem, kui tagastatav kaup on j\u00f5udnud Veebipood SeiCom lattu.<br \/>\n6.8 Tagastamisele kuuluva eseme seisukorra halvenemisel vastutab Tarbija asja kasutamisest tingitud v\u00e4\u00e4rtuse v\u00e4henemise eest \u00fcksnes juhul, kui ta on eset kasutanud muul viisil, kui on vaja asja olemuses, omadustes ja toimimises veendumiseks. Et veenduda eseme olemuses, omadustes ja toimimises, peaks Tarbija k\u00e4sitsema ja kasutama asja \u00fcksnes nii, nagu tal lubataks seda tavap\u00e4raselt poes teha.<\/p>\n<p>7. V\u00e4\u00e4ramatu j\u00f5ud<br \/>\n7.1 Veebipood SeiCom ei vastuta Tellijale tekitatud kahjude v\u00f5i kauba kohaletoimetamise viibimise eest juhul, kui kahju v\u00f5i kauba kohaletoimetamise viibimine on tingitud asjaoludest, mida veebipood Seicom ei saanud m\u00f5jutada v\u00f5i ette n\u00e4ha.<\/p>\n<p>8. Pretensioonide esitamise kord<br \/>\n8.1 Veebipood SeiCom vastutab Tarbijale m\u00fc\u00fcdud kauba lepingutingimustele mittevastavuse v\u00f5i puuduste eest, mis ilmnevad kuni kahe aasta jooksul, alates kauba \u00fcleandmisest Tarbijale.<br \/>\n8.2 Tarbijal on \u00f5igus puuduse ilmnemisel p\u00f6\u00f6rduda hiljemalt kahe kuu jooksul veebipood SeiCom poole, esitades arve, mille alusel kauba ostu eest tasuti.<br \/>\n8.3 Kaubal puuduse ilmnemisel tuleb l\u00f5petada kauba kasutamine.<br \/>\n8.4 Puudusega kauba parandamise v\u00f5i asendamise lepivad veebipood Seicom ja Tarbija omavahel kokku. Parandamise kulud katab veebipood Seicom.<br \/>\n8.5 Veebipood SeiCom ei vastuta Tarbija s\u00fc\u00fcl tootel tekkinud puuduste eest, mis on tekkinud toote mitten\u00f5uetekohase hoiustamise v\u00f5i mitte eesm\u00e4rgip\u00e4rase kasutamise\u00a0v\u00f5i veebipoele SeiCom esitatud tellimuses valede andmete esitamise tulemusena.<br \/>\n8.6 Toote n\u00f5uetele mittevastavuse v\u00f5i puuduste ilmnemisel palume edastada e-postiaadressile <a href=\"mailto:epood@seicom.ee\"><strong>epood@seicom.ee<\/strong><\/a> pretensiooni, kus on m\u00e4rgitud tellimuse esitaja nimi, kontakttelefon, tellimuse number ja toote tingimustele mittevastavuse v\u00f5i puuduse t\u00e4pne kirjeldus.<br \/>\n8.7 Pretensioon toote n\u00f5uetele mittevastavuse v\u00f5i puuduste avastamise kohta peab olema esitatud kahe kuu jooksul alates toote n\u00f5uetele mittevastavuse v\u00f5i puuduse avastamisest.<br \/>\n8.8 K\u00f5ik pretensioonid vaadatakse l\u00e4bi ja Tarbijaga v\u00f5etakse \u00fchendust esimesel v\u00f5imalusel, kuid mitte hiljem kui 14 p\u00e4eva jooksul alates pretensiooni k\u00e4ttesaamisest.<br \/>\n8.9 Tarbijal on \u00f5igus n\u00f5uda veebipoelt SeiCom ostuhinna alandamist v\u00f5i lepingu l\u00f5petamist ja kauba eest raha tagasi n\u00f5uda, kui veebipoel SeiCom ei ole v\u00f5imalik kaupa parandada v\u00f5i asendada, kauba parandamine v\u00f5i asendamine eba\u00f5nnestub, veebipood SeiCom ei ole kauba puudust m\u00f5istliku aja jooksul k\u00f5rvaldanud, tarbijale on tekitatud p\u00f5hjendamatuid ebamugavusi.<\/p>\n<p>9. Tarbija \u00f5igus p\u00f6\u00f6rduda tarbijakaebuste komisjoni poole<br \/>\n9.1 Kui veebipood SeiCom on keeldunud Tarbija kaebust lahendamast v\u00f5i Tarbija ei ole n\u00f5us veebipoe pakutud lahendusega ja leiab, et on rikutud tema \u00f5igusi v\u00f5i kahjustatud tema huve, v\u00f5ib Tarbija esitada kaebuse tarbijakaebuste komisjonile Tarbijakaitseameti kaudu v\u00f5i kohtule. Tarbija v\u00f5ib esitada kaebuse ise v\u00f5i esindaja kaudu. Tarbijakaitse komisjoni andmed on toodud Tarbijakaitseameti kodulehel, Euroopa Liidu liikmesriikides tekkivate probleemide lahendamiseks p\u00f6\u00f6rduda Euroopa Liidu tarbijate N\u00f5ustamiskeskusesse.<\/p>\n","protected":false},"excerpt":{"rendered":"<p>Seicom veebipoe m\u00fc\u00fcgitingimused 1. M\u00fc\u00fcgitingimuste kehtivus 1.1 M\u00fc\u00fcgitingimused kehtivad SeiCom veebipoest ostja (edaspidi Tarbija) ja ettev\u00f5tja SeiCom O\u00dc\/veebipood SeiCom(edaspidi veebipood SeiCom) vahel kaupade ja teenuste ostmisel. 1.2 M\u00fc\u00fcgitingimused kehtivad veebipoe SeiCom ja eraisikust Tarbija \u00f5igussuhete reguleerimiseks. 1.3 Lisaks k\u00e4esolevatele tingimustele reguleerivad veebipoest SeiCom toodete ostmisel tekkivaid \u00f5igussuhteid Eesti Vabariigis kehtivad v\u00f5la\u00f5igusseadus (edaspidi V\u00d5S), tarbijakaitseseadus (edaspidi [&hellip;]<\/p>\n","protected":false},"author":1,"featured_media":1761,"parent":0,"menu_order":0,"comment_status":"closed","ping_status":"closed","template":"","meta":{"_acf_changed":false,"om_disable_all_campaigns":false,"_exactmetrics_skip_tracking":false,"_exactmetrics_sitenote_active":false,"_exactmetrics_sitenote_note":"","_exactmetrics_sitenote_category":0,"_monsterinsights_skip_tracking":false,"_monsterinsights_sitenote_active":false,"_monsterinsights_sitenote_note":"","_monsterinsights_sitenote_category":0,"_uf_show_specific_survey":0,"_uf_disable_surveys":false,"footnotes":""},"acf":[],"aioseo_notices":[],"_links":{"self":[{"href":"https:\/\/seicom.ee\/epood\/wp-json\/wp\/v2\/pages\/1645"}],"collection":[{"href":"https:\/\/seicom.ee\/epood\/wp-json\/wp\/v2\/pages"}],"about":[{"href":"https:\/\/seicom.ee\/epood\/wp-json\/wp\/v2\/types\/page"}],"author":[{"embeddable":true,"href":"https:\/\/seicom.ee\/epood\/wp-json\/wp\/v2\/users\/1"}],"replies":[{"embeddable":true,"href":"https:\/\/seicom.ee\/epood\/wp-json\/wp\/v2\/comments?post=1645"}],"version-history":[{"count":5,"href":"https:\/\/seicom.ee\/epood\/wp-json\/wp\/v2\/pages\/1645\/revisions"}],"predecessor-version":[{"id":11021,"href":"https:\/\/seicom.ee\/epood\/wp-json\/wp\/v2\/pages\/1645\/revisions\/11021"}],"wp:featuredmedia":[{"embeddable":true,"href":"https:\/\/seicom.ee\/epood\/wp-json\/wp\/v2\/media\/1761"}],"wp:attachment":[{"href":"https:\/\/seicom.ee\/epood\/wp-json\/wp\/v2\/media?parent=1645"}],"curies":[{"name":"wp","href":"https:\/\/api.w.org\/{rel}","templated":true}]}}